, -5*f = -3*l + 66 + 17. Suppose 0 = 5*x - 4*y - l, -4*x + 18 = -y - y. Give c(x).
-6
Suppose -4*r = -2*r - 6. Let l(p) = -2*p**2 + 3*p + 2. Calculate l(r).
-7
Let v(q) = -14*q**3 - 2*q**2 - 12*q - 5. Let f(b) = 5*b**3 + b**2 + 4*b + 2. Let s(x) = -11*f(x) - 4*v(x). What is s(3)?
10
Let x = 11 + -7. Let n = -1 + x. Let p(g) be the second derivative of g**3/6 + g**2/2 + 2*g. Calculate p(n).
4
Let t(l) = 4*l + 7. Let d(o) = -4*o - 8. Let k(a) = 5*d(a) + 6*t(a). Let c = -7 + 9. Give k(c).
10
Let f be -8 - -4 - 1/(-1). Let s be -4*1*f/(-4). Let j(b) = -b**3 - b**2. Let y(p) = -2*p**3 - 2*p**2 - 2*p + 4. Let z(d) = 3*j(d) - y(d). Determine z(s).
8
Let i(x) = -x**2 - x**2 - 5*x**2. Give i(1).
-7
Let d(a) = a + 3 - 3*a + 4*a. Let y(z) = z**2 + z - 4. Suppose -4*p - 3 + 9 = 2*o, 0 = 5*p + 5*o - 15. Let r be y(p). Determine d(r).
-5
Let c = 15 - 9. Let s(k) be the first derivative of k**4/4 - 7*k**3/3 + 9*k**2/2 - 9*k + 26. Give s(c).
9
Let s(g) = g**3 + 6*g**2 - 9*g - 2. Let v(u) = -u**3 - 10*u**2 - 9*u - 7. Let n be v(-9). Give s(n).
12
Suppose -3*j + 0*j - 21 = 0. Let y(a) = a**3 + 8*a**2 + 6*a - 4. Give y(j).
3
Let u(q) = q**2 - 5*q - 8. Let w be (7/2)/(4/8). Determine u(w).
6
Let g(b) = 2*b**3 - b**2 - 2*b. Let d be 2/(-4) - (-58)/4. Let z = d - 12. Determine g(z).
8
Let c(i) = i + 7. Let q be c(-5). Let v(n) = n + 2 + 5*n**q + 5*n - 4*n**2. Let l(p) = -3*p**3 - p**2. Let s be l(1). What is v(s)?
-6
Suppose 0 = 3*n + 6, 5*u = 3*n - 2*n - 23. Suppose 4*x - 5 = 3. Let o(c) = -6*c - 5 + 0 - 1 - c**x. Determine o(u).
-1
Let a = 22 - 11. Let x(g) = -2 + a*g**3 - 10*g**3 - 2*g**2 + g**2. What is x(2)?
2
Let s be (-2)/1 - (-1 - 9). Let q(y) = y**3 - 9*y**2 + 7*y + 6. Let j be q(s). Let z(m) = -m. What is z(j)?
2
Let p be 2/4*-1*-2. Let l(n) = 7*n**2 - n + 2. Let h(w) = 15*w**2 - 3*w + 5. Let q(f) = -3*h(f) + 7*l(f). What is q(p)?
5
Suppose 0 = o + 2*o - 15. Let h(c) = 5 - o*c**2 + 4*c + c**2 - 4 + 5*c**2. What is h(-2)?
-3
Suppose 4*t = -2*p - p, 3*p = t - 15. Suppose 0 = 2*s - y - 2, -3*s - 4 = -s + 2*y. Let i(j) = -1 + 3*j + s*j - 4*j. Give i(t).
-4
Suppose -9 = -z - 2*z. Let w(b) = -16*b**2 + b**z + 4*b**3 + 1 - 13 + b. Let o(v) = -v**3 + 4*v**2 + 3. Let a(c) = -9*o(c) - 2*w(c). Determine a(-4).
5
Let y(q) be the first derivative of -q**4/4 - q**3 - q**2/2 - 34. Give y(-2).
-2
Let o = -2 + 4. Let c(t) = 36*t + 15. Let v(x) = -5*x - 2. Let k(f) = o*c(f) + 15*v(f). Suppose -j + 0*j - r + 3 = 0, 7 = 4*j + 3*r. Calculate k(j).
6
Let x(f) = -f - 5. Let i be x(0). Let n be (i + 5)*1/(-3). Let a(m) = -m - 5. Give a(n).
-5
Let q(l) be the first derivative of -l**7/840 + l**6/90 - l**5/60 - l**4/8 - l**3 - 2. Let n(o) be the third derivative of q(o). Determine n(4).
-11
Suppose 13 = u + 4*w, 3*u + u + 2 = 2*w. Let o(c) = 8*c**2 - 2*c + 1. Give o(u).
7
Let y be -1 + -3 + 3 - -2. Let l(m) = 8*m**3 - m**2 - m + 1. Determine l(y).
7
Let u(w) = w**3 + w**2 + 4*w - 1. Let r(p) = 0*p**2 - 13*p + 1 - 3*p**2 + 3 - 4*p**3. Let t(j) = 2*r(j) + 7*u(j). Let o = 113 - 111. Give t(o).
1
Suppose y - 16 = -3*y, 3*g - 22 = -4*y. Suppose 12 = 5*o + g. Let d(t) = -t**2 + 3*t - 2. Give d(o).
0
Let o(s) = 2*s**3 + 1 - 4*s**3 - 11*s + 17*s - 7*s. What is o(1)?
-2
Suppose 0 = -2*y - y - 2*g + 41, 5*y + 3*g = 69. Suppose 6*c - c - y = 0. Let a(q) = -q - 2. Give a(c).
-5
Let u = 6 - 3. Suppose -4*n = -u*n - 2. Let r(b) = -3*b + b**n - 2 - b**3 - b - 3*b**2. Determine r(-2).
6
Let s = 112 + -104. Let a(l) = l - 11. Calculate a(s).
-3
Let x(s) = s**3 - 5*s**2 + 4. Suppose j = -4*j + 30. Let z = j + -2. Give x(z).
-12
Let j = 2 - 5. Let a(u) be the second derivative of -u**5/20 - u**4/6 + u**3/2 + u**2 - 4*u. Give a(j).
2
Let m(k) be the first derivative of k**4/4 - 7*k**3/3 + 3*k**2 + k + 16. Calculate m(6).
1
Suppose -m = 3*g, -2*m - 8 = -3*g + 1. Let v(w) be the third derivative of -1/3*w**3 - 1/60*w**5 + 0 - 1/12*w**4 + 0*w - 3*w**2. Calculate v(m).
-5
Let f(t) = 3*t - 7*t**3 - 3*t**2 + 6*t**3 - 6*t. Determine f(-2).
2
Let x(w) = 3*w**3 + 13*w**2 - 8*w + 9. Let a(p) = -p**3 - 6*p**2 + 4*p - 4. Let b(n) = 5*a(n) + 2*x(n). Suppose 0*r + 1 = -r + 4*k, -3*k = -3. Give b(r).
1
Let p(i) = 2*i + 14. Let b be p(-6). Let t(v) = 7*v - 2. Determine t(b).
12
Let k(g) = -g**2 - 3*g + 2. Let w be k(-3). Let a(c) = -c**3 - 3 + 5*c**w + c**2 - 5*c - 2. Give a(5).
-5
Let j(s) = 2*s + 5. Suppose 0 = -4*q + 5*q - 5*y + 9, -3 = -3*y. Give j(q).
-3
Let m(c) = c**3 + 5*c**2 + 4*c - 3. Let g be m(-4). Let j(k) = -k**3 - 3*k**2 + k + 4. What is j(g)?
1
Let d(u) be the first derivative of 1/4*u**4 + 5/3*u**3 + u + u**2 - 1. Give d(-4).
9
Let y(g) = -33*g + 14*g + 17*g + 1. Calculate y(-2).
5
Suppose 0*s + 3*g - 14 = -4*s, 2 = -4*s + 5*g. Let r be (-7)/(-4) - 7/(-28). Let l(d) = r - 6*d - s. What is l(1)?
-6
Suppose 6*h = -99 + 63. Let b(j) = 2*j + 6. Determine b(h).
-6
Let g(y) = y**3 - 6*y**2 + 6*y - 7. Let u(q) = q**3 - q**2 - q + 5. Suppose 0 = 4*p - 0*p. Let c be u(p). What is g(c)?
-2
Suppose f = 2 - 8. Let l(j) = j**2 + 8*j + 6. Let x be l(f). Let k(u) = -2*u - 8. Determine k(x).
4
Let i(t) = 3*t**2 - 3*t. Suppose 2*h - 2 = -0*h - f, f = -h. Determine i(h).
6
Let o(t) = t**2 - 2*t. Let h = 12 + -8. Suppose 2*g - 8 = -3*w, -12 = -4*w + 3*g + 27. Let b = w - h. What is o(b)?
0
Let o(m) = -m**2 - m. Let d(w) = -4*w**2 - 6*w - 9. Let y(t) = d(t) - 5*o(t). Suppose -4*p - 17 = 3*h + p, -2*h = -3*p + 5. Let i = h - -4. What is y(i)?
-9
Let o(f) be the first derivative of -f**2/2 - 13. Let k = 7 - 4. Determine o(k).
-3
Let t = 8 - 5. Suppose t*l = -s + 7*l - 10, 5*l - 21 = -3*s. Let d be s*(21/6 + -2). Let f(h) = -h**2 + 4*h. Determine f(d).
3
Suppose -3*z = z. Suppose z = 2*x - 6*x - 20. Let m(p) = p**2 + 6*p + 1. Calculate m(x).
-4
Let l(x) = -x**2 + 1. Let p(r) = 4*r**2 + 2*r - 4. Let a(w) = 3*l(w) + p(w). Calculate a(-4).
7
Let z(r) = -r + 3. Suppose 1 = 2*q - 7. Suppose 0 = q*j - 13 - 7. Give z(j).
-2
Let g(a) = a**2 - a. Let y be g(0). Suppose 2*h = -y*h + 2*b + 12, 0 = h + 4*b + 14. Let q(z) be the first derivative of -5*z**2/2 + 3*z + 1. Determine q(h).
-7
Suppose 0 = t + 1, 0*d = 5*d + 2*t - 18. Let s be (-10)/d*4/(-10). Let c(a) = -2 - 5*a + 0 + 2. Calculate c(s).
-5
Let t(u) = -u**2 + 3*u - 2*u**2 - u**3 + 2*u**2 - 4. What is t(-3)?
5
Suppose -k + 4*k = -21. Let i = -4 - k. Let n(v) = 2 - 2 + 4*v + 1 - 5*v**2 + 4*v**2. Calculate n(i).
4
Let n(y) = y. Let o = 10 + -5. Let m be (-2)/(-5)*(-4 - -14). Let i = o - m. What is n(i)?
1
Let z(x) = -3*x**2. Let o(r) = -r**2 + 8*r + 4. Let q be o(8). Suppose -q*t + 4*g + 16 = 0, -2*g - 2 + 0 = 4*t. Give z(t).
-3
Let p be (-3 + -2)*18/(-15). Let b(r) = -r**3 + 7*r**2 - 6*r - 4. What is b(p)?
-4
Let d(v) = -v**3 - 3*v**2 + v - 4. Let b(c) = c**3 - 3*c**2 - 3. Let t be b(3). Determine d(t).
-7
Suppose 0 = -3*x + 6. Suppose x*h = -h + 3. Let i be (-1)/(3/(-15)*h). Let g(w) = w - 6. Give g(i).
-1
Let g = -8 - -10. Let m(o) = 8*o - 1. Calculate m(g).
15
Let k(a) = a**2 - 11*a + 12. Let b(j) = 9*j - 26. Let g be b(4). What is k(g)?
2
Let g(k) be the first derivative of -k**2 - 3*k + 43. Give g(0).
-3
Suppose f = -4*y - 9, -5*f - 1 = -2*y - 0. Let t be (-1)/(1/y*2). Let r(n) = t - n + 0*n + 6*n. Determine r(1).
6
Suppose -2*g + 5*c = 19, c = -2*c + 9. Let l(s) = -4*s - 1. Let v(x) = 13*x + 2. Let r(y) = -4*l(y) - v(y). Give r(g).
-4
Let k(x) be the second derivative of -x**5/10 - x**4/3 - x**3/3 - 32*x. Suppose 3 - 9 = 3*b. Calculate k(b).
4
Let u(o) = -o - 8. Let k be u(-10). Let f = k - 1. Let z = -2 + f. Let g(h) = -3*h**2 + h + 1. Determine g(z).
-3
Let z(o) = -o**3 + 2*o**2 + 3*o + 1. Let a(x) = -2 + 4*x - x**2 + x + 5*x**2 - 4*x. Let l be a(1). Give z(l).
1
Let h(z) = -3 + 1 - z + 6 + 0*z. What is h(3)?
1
Let x(q) = -3*q. Let j(i) be the second derivative of -2*i**3/3 - i**2/2 + 5*i. Let n(w) = -3*j(w) + 3*x(w). Let d(c) = -c - 9. Let y be d(-5). Give n(y).
-9
Let m(s) = -1 + 2*s - s - s + s. Calculate m(-4).
-5
Let i(l) = 3*l + 1. Let a(p) = p - 1. Let d(j) = 5*a(j) - i(j). Determine d(4).
2
Let d(h) be the second derivative of h**4/12 - 5*h**3/6 + 3*h**2/2 - 7*h. Let w be 1*3 - (-1 + 0). Give d(w).
-1
Let q(p) = p + 0*p - 1 - 18*p**2 + 17*p**2 + 5*p. Determine q(4).
7
Let a(v) = 5*v**2 + 14 + v + 7 - 4*v**2 - 24. What is a(3)?
9
Let d(n) be the first deriv